(-273).
3, 5, 181
Suppose -80 + 90 = -5*a. Suppose 4*x + 8*x + 16080 = 0. What are the prime factors of a/5*x/8?
67
Let b be 10/(-45)*3*-1527 - -3. Let w = b + 198. What are the prime factors of w?
23, 53
Let v be 1/2*(0 + 8). Suppose -2*x + 5*f = -2354, 15*x + 1203 = 16*x + v*f. What are the prime factors of x?
1187
Let n be 2/6 + (-120)/(-45). Suppose 5*j = n*d - 35, d + 7 = -4*j - 4. Suppose 216 = d*l - 3*l. List the prime factors of l.
2, 3
Let x(t) be the second derivative of 7*t**4/6 - 5*t**3/3 + 17*t**2/2 + 36*t. List the prime factors of x(8).
7, 17
Let l = -5088 + 5131. List the prime factors of l.
43
Let i(r) = 0*r**3 - 107 + 0*r**3 - 13*r + 37*r**2 - r**3 - 17*r**2. List the prime factors of i(16).
709
Suppose -3*k - 5*f + 18922 = 0, 2*f - 4075 - 8537 = -2*k. List the prime factors of k.
2, 197
Let v(j) = -46*j - 1 + 2 - 2 + 0. Let q be v(1). Let z = -45 - q. List the prime factors of z.
2
Suppose 4*x - 2*x - 48 = 0. Suppose -33*p + 6066 = -x*p. List the prime factors of p.
2, 337
Suppose 2*v - 30 + 26 = 0. Suppose 8 = -4*a, -2*a + 10 = v*c - 3*a. Suppose x - t - 213 = -c*x, x + t = 39. What are the prime factors of x?
2, 3, 7
Suppose -4*h + 17 = -3. Suppose -2*y + 0*i + 24 = 3*i, h*y - 3*i = 102. List the prime factors of y.
2, 3
Let w be 7/((-28)/(-384)) + 0. Suppose -w = -25*x + 21*x. What are the prime factors of 6/(-4) + -2*(-1230)/x?
101
Let m(l) = -22*l**2 - l**3 - 5 - 7*l + 15*l + 9*l**2 + 22*l. Let i be m(-15). What are the prime factors of 2/i - 454/(-10)?
3, 5
Let d be 100/(-125) + (-17648)/(-10). What are the prime factors of 2 - (d/(-6))/3?
2, 5
Let j(d) = 638*d**3 + 5*d**2 + 399*d - 1196. List the prime factors of j(3).
2, 17, 127
What are the prime factors of -6 + (-32)/(-6) - ((-7916)/3 - 5)?
3, 881
List the prime factors of 20/(-6)*(-138)/115 - -16762.
2, 83, 101
Let y = -30 + 33. Suppose -3*u - 990 = y*u. List the prime factors of 40/(-6)*u/44.
5
Let t(j) be the second derivative of 59*j**3/6 + 31*j**2/2 - j + 10. List the prime factors of t(9).
2, 281
Let p(w) = w**2 + 10*w + 14. Let c be p(-10). Suppose 16 = 2*a + c. What are the prime factors of 0 - -1 - (3 - a) - -22?
3, 7
Let c(j) = -101*j**3 - 24*j**2 - 55*j - 4. List the prime factors of c(-7).
2, 4231
Suppose 0 = -u + z - 2, u = -3*z + 12 + 2. Let y be (-76)/12 + (-1)/(-3) + u. What are the prime factors of (1146/y)/(36/(-24))?
191
Let j(a) = a**3 - 5*a**2 + 5*a + 8. Let m be j(6). Let q(i) = -4*i**2 + 7*i + 15. Let y be q(4). Let f = y + m. List the prime factors of f.
53
Suppose 24*l - 617720 - 582856 = 0. What are the prime factors of l?
2, 13, 37
Suppose 8*r - 35*r = -135. Suppose 5*j + 4*k - 836 = 3*j, 3*k = -r*j + 2104. What are the prime factors of j?
2, 211
Let q(c) = -11 + 2 + 5 + 255*c + 8. What are the prime factors of q(1)?
7, 37
Let a = -22 - -26. Suppose 9 = -a*v + 7*v. Suppose -2*s - v*k = -53, 0*k + 78 = 2*s - 2*k. What are the prime factors of s?
2, 17
Let c(p) = p**3 - 4*p**2 + 4*p + 1. Let z be c(3). Suppose -z*t = -5*t + 2. Suppose k + 60 = t*k. List the prime factors of k.
2, 3, 5
Let t = -119 - -123. List the prime factors of t/(-10) + 6438/145.
2, 11
Let l be (1 + 8/(-28) - -1)*7. Suppose l*i - 11 - 25 = 0. Suppose 2*f - i*f - 5*k = -63, -f - k + 67 = 0. What are the prime factors of f?
2, 17
Suppose 13*n = 18*n - 20. Suppose 0 = 3*r, 6*r + 45 = 3*w + n*r. What are the prime factors of w?
3, 5
Let y(h) be the third derivative of -1/24*h**4 + 32/3*h**3 + 0 + 7*h**2 + 0*h. List the prime factors of y(0).
2
Let z(o) = 2*o**2 + 2*o + 21. Let a(m) = -m**2. Let s(d) = -4*a(d) - z(d). Let i be s(-10). Let g = -84 + i. What are the prime factors of g?
5, 23
Suppose -66*m + 68*m = -4*j + 334666, -5*m - 83683 = -j. List the prime factors of j.
2, 13, 1609
Let c = 5170 + 12946. List the prime factors of c.
2, 7, 647
Let n(r) = 33*r - 9*r**2 + r**3 - 37 + 92 - 15*r**2 - 38. What are the prime factors of n(23)?
13, 19
Let z(r) = -r**3 + 95*r**2 - 313*r - 99. What are the prime factors of z(91)?
2, 3, 757
Let i = -15 - -28. Let x = i + 49. Suppose x = 2*b - 76. List the prime factors of b.
3, 23
Suppose 12*w = -1946 + 31778. List the prime factors of w.
2, 11, 113
Let a(v) = 76*v + 241. What are the prime factors of a(61)?
4877
What are the prime factors of 40257/6 + (6/(-16)*12 - -4)?
6709
Suppose 970*p - 769976 = 954*p - 217208. What are the prime factors of p?
2, 3, 2879
List the prime factors of (-758112)/(-10) + 2252/2815.
2, 11, 1723
List the prime factors of (-14 + 10 - -24259) + -4 + -4 + 3.
2, 5, 97
Let d = -3 + 1. Suppose 49*z - 16 = 50*z - 4*c, z - 2*c = -8. List the prime factors of (d + 2)/(-6) - (z - 87).
3, 29
Suppose -67*n + 76*n = 11349. What are the prime factors of n?
13, 97
Suppose 23*v - 33*v = -6690. List the prime factors of v.
3, 223
Let m(b) = -1450*b**3 - 4*b**2 + 12*b - 2. What are the prime factors of m(-3)?
2, 9769
Suppose 0 = -12*b - 29 - 79. What are the prime factors of -1246*b/(-14)*156/(-117)?
2, 3, 89
Let c = -266 - -168. Let u = 199 - 395. Let r = c - u. What are the prime factors of r?
2, 7
Let d(c) = -c**2 - 10*c - 6. Let s be d(-4). Let b = s - 13. Let g = 123 - b. List the prime factors of g.
2, 59
Let v = -189 - -201. List the prime factors of ((-11891)/33)/((-4)/v).
23, 47
Suppose -27*k + 14*k = -16*k. Suppose 2*j = 3*u + 3513, 3*u = -k*u + 3. List the prime factors of j.
2, 3, 293
Let p be (-6)/4 - (-3172059)/66. Suppose -23*u = 37*u - p. List the prime factors of u.
3, 89
Let a = 10990 - 8767. What are the prime factors of a?
3, 13, 19
Let m(h) = 2*h**3 + 103*h**2 - 105*h + 351. List the prime factors of m(-47).
3, 8389
Let z(l) = 82*l**3 + 6*l**2 - 168*l + 1090. What are the prime factors of z(6)?
2, 5, 1801
Let u = 4170 + 8131. What are the prime factors of u?
12301
What are the prime factors of 7*45/(-1050) + 2*237665/100?
7, 97
Suppose 0 = -2*h + 7*h - 30. Suppose 8*a - 9*a = -h. Suppose 0*d = -l + 5*d + a, -2*l - 5*d + 57 = 0. List the prime factors of l.
3, 7
Let t = 66035 - -2097. List the prime factors of t.
2, 17033
Let r be (-1 + 33/(-9))*378/(-12). Suppose -v = -8*v + r. Suppose -s + 2*p + v = -10, -2*s - 2*p = -68. What are the prime factors of s?
3, 11
Let s(j) = -101*j - 511. List the prime factors of s(-63).
2, 7, 11, 19
Let j(f) = 11*f - 85. Let r be j(7). List the prime factors of 86 - (-6)/(-1)*r/12.
2, 3, 5
Let b = -5640 - -14959. List the prime factors of b.
9319
Let q be (1 + -3)*(-12 - -13). List the prime factors of -7*q/(10/405).
3, 7
Suppose q - 13701 = -h + 2*h, h = -q + 13695. What are the prime factors of q?
2, 3, 761
Let q(a) = a**2 + 5*a + 1. Let o be q(-5). Let p(d) be the third derivative of 67*d**5/20 + d**4/8 - d**3/3 + 2829*d**2. List the prime factors of p(o).
2, 101
Let d(y) = y**2 - 7*y + 12. Let m be d(5). Let k be ((-309)/(-6))/(5/m + -2). Suppose 4*r - k = 69. What are the prime factors of r?
43
Suppose -5*x = -5*t - 156170, 131*x - 5*t + 156100 = 136*x. What are the prime factors of x?
3, 7, 1487
Let d(x) = x**2 + 5*x - 82. Let c be d(7). What are the prime factors of 8/(-4)*-309 - (-10)/c?
7, 89
Suppose -31857 = -5*m - v, 0 = m + v - 3614 - 2759. What are the prime factors of m?
23, 277
Let i(a) = -a + 27. Suppose 0 = -30*v + 419 + 151. What are the prime factors of i(v)?
2
Let z(i) = -i. Let x(y) = 96*y - 396. Let s(u) = x(u) + 6*z(u). What are the prime factors of s(13)?
2, 3, 43
Let d = -1165 + 745. Let o = d + 952. What are the prime factors of o?
2, 7, 19
Suppose -4*i - 4*f + 28 = 0, -i - 4 = 2*f - 10. Let h be 1/(2/i*4). Suppose 47 = 2*t + h. What are the prime factors of t?
23
Suppose -16 = -3*b + 6*f - 5*f, -4*f = -2*b + 14. Suppose -214 = -b*g + 2876. What are the prime factors of g?
2, 3, 103
Let v = 1171 - -3379. Let y = v + -2608. What are the prime factors of y?
2, 971
Let f = -8497 - -13454. What are the prime factors of f?
4957
Let v(z) = z**2 - 18*z. Suppose 3*p = -4*h + 70, -5*p + 21 = -5*h - 49. Let c be v(p). Suppose -4*s + 289 + 135 = c. List the prime factors of s.
2, 53
Suppose 1219 = 5*m + i, -i = -m + 55 + 184. Let s be 7/((-21)/(-192))*(10/20 + 2). Let u = m - s. What are the prime factors of u?
83
Let n = 132 + -130. Let r(j) = 2*j**2 - 3*j - 2. Let t be r(n). Suppose 7*y + y - 2160 = t. What are the prime factors of y?
2, 3, 5
Let 